 15) to base 11.
576a4
237 (base 9) to base 15
d1
-124 (base 12) to base 14
-c4
Convert -6560 (base 10) to base 7.
-25061
Convert -48 (base 9) to base 4.
-230
2c61 (base 16) to base 8
26141
Convert -10010111001 (base 2) to base 13.
-720
21b (base 12) to base 8
467
c543 (base 15) to base 3
2010012000
What is -2211 (base 5) in base 2?
-100110010
-4550 (base 6) to base 11
-897
What is -22385 (base 9) in base 2?
-11101000110100
Convert 11101010101 (base 2) to base 16.
755
7747 (base 8) to base 11
3071
What is -10110110010 (base 2) in base 16?
-5b2
What is -611 (base 8) in base 16?
-189
-102001 (base 3) to base 9
-361
Convert 2412 (base 7) to base 15.
3e6
-46046 (base 8) to base 10
-19494
What is -102022 (base 3) in base 14?
-17b
Convert 40a5 (base 14) to base 4.
2231301
What is -13311 (base 4) in base 14?
-27b
Convert 0 (base 9) to base 4.
0
Convert 44b (base 12) to base 6.
2535
33063 (base 7) to base 12
4959
Convert -2331 (base 5) to base 10.
-341
Convert 3210 (base 5) to base 3.
120221
Convert 1011010101001 (base 2) to base 13.
2843
Convert -6790 (base 12) to base 15.
-3609
-60222 (base 9) to base 15
-bab8
-134 (base 11) to base 9
-185
What is 121211 (base 3) in base 7?
1216
What is 2105 (base 6) in base 12?
335
What is 51bc (base 13) in base 16?
2c2d
Convert 24640 (base 7) to base 14.
2520
What is -6a3 (base 14) in base 12?
-91b
What is d4 (base 16) in base 7?
422
What is -1030 (base 13) in base 9?
-3054
Convert 1866 (base 10) to base 15.
846
Convert 130052 (base 6) to base 5.
333241
Convert 4568 (base 9) to base 11.
25a6
What is 21040 (base 8) in base 9?
12876
200100002 (base 3) to base 8
32067
-37547 (base 10) to base 11
-26234
What is 13031 (base 5) in base 3?
1101122
What is 1102 (base 3) in base 12?
32
What is 303030 (base 4) in base 10?
3276
Convert -2918 (base 10) to base 4.
-231212
Convert -221220000 (base 3) to base 12.
-ab09
What is 47 (base 9) in base 14?
31
458b (base 13) to base 12
5784
What is -c28 (base 14) in base 16?
-954
Convert -11211 (base 5) to base 10.
-806
What is -30101 (base 4) in base 7?
-2201
31556 (base 9) to base 14
7868
Convert a47 (base 11) to base 6.
5501
3b31 (base 16) to base 15
4753
Convert 22 (base 15) to base 6.
52
143a3 (base 13) to base 3
1221010000
-24622 (base 8) to base 9
-15534
Convert -120012 (base 3) to base 13.
-257
Convert -2a0 (base 12) to base 15.
-1c3
-20511 (base 6) to base 11
-20a7
-35420 (base 7) to base 15
-2a88
Convert -30022 (base 4) to base 6.
-3334
Convert -5457 (base 15) to base 9.
-26441
What is -1b9b (base 12) in base 9?
-4632
What is 154d9 (base 14) in base 13?
1b236
Convert -23300 (base 4) to base 9.
-1025
-2234 (base 8) to base 12
-824
Convert 40 (base 15) to base 5.
220
Convert 172 (base 9) to base 13.
b3
Convert -272a (base 12) to base 4.
-1012102
What is 121222201 (base 3) in base 2?
11000001100001
What is c62 (base 13) in base 10?
2108
Convert 1596 (base 13) to base 9.
4306
1058 (base 9) to base 3
1001222
What is 740 (base 10) in base 7?
2105
Convert 10202221 (base 3) to base 16.
ac0
-101404 (base 6) to base 8
-17714
-1054 (base 10) to base 3
-1110001
What is -e48 (base 15) in base 14?
-125c
What is 114202 (base 5) in base 11?
3261
-17c6 (base 13) to base 9
-4765
-430420 (base 5) to base 8
-34225
What is -121001 (base 3) in base 9?
-531
What is -2321110 (base 4) in base 7?
-46402
What is 8303 (base 10) in base 3?
102101112
What is -47969 (base 11) in base 16?
-10db5
Convert -1211 (base 6) to base 11.
-249
-1401 (base 13) to base 2
-101100111010
What is -365466 (base 7) in base 6?
-1233110
Convert 1823 (base 14) to base 12.
261b
554035 (base 6) to base 8
132247
What is -320033 (base 5) in base 10?
-10643
What is -3165 (base 14) in base 6?
-103233
Convert -1133021 (base 4) to base 2.
-1011111001001
What is -15444 (base 7) in base 8?
-10370
19807 (base 10) to base 3
1000011121
11a6 (base 11) to base 15
6e8
ad (base 14) to base 16
99
What is -34e (base 15) in base 9?
-1022
What is 28827 (base 10) in base 13?
10176
Convert 1010010001100 (base 2) to base 13.
2518
What is -251 (base 11) in base 3?
-102001
What is 135c (base 13) in base 14?
1029
12b7 (base 14) to base 16
ce1
What is 20d5 (base 14) in base 16?
162b
-11010000011 (base 2) to base 11
-1286
-210112001 (base 3) to base 15
-49ad
-5766 (base 9) to base 11
-3234
Convert -5222 (base 12) to base 5.
-241304
-1023 (base 9) to base 2
-1011101110
What is -1000100111 (base 2) in base 13?
-335
-20000010 (base 3) to base 12
-2649
Convert 1488 (base 9) to base 15.
508
-176 (base 13) to base 8
-412
712 (base 10) to base 9
871
Convert -100154 (base 8) to base 2.
-1000000001101100
What is 901 (base 11) in base 2?
10001000010
Convert -22525 (base 6) to base 13.
-160a
-176 (base 13) to base 14
-150
Convert -70 (base 8) to base 16.
-38
What is 10110100000 (base 2) in base 15?
660
Convert -21222022 (base 3) to base 13.
-2852
Convert -22001110 (base 3) to base 13.
-2898
What is -10103 (base 7) in base 6?
-15205
Convert 3c8 (base 15) to base 16.
35f
Convert -4883 (base 16) to base 13.
-85ac
Convert 11122 (base 3) to base 13.
98
Convert -3754 (base 8) to base 12.
-1210
Convert 31021 (base 4) to base 16.
349
-23031 (base 4) to base 6
-3153
a73 (base 13) to base 16
6f8
200012 (base 3) to base 2
111101011
Convert -56281 (base 9) to base 4.
-21020212
Convert 11030 (base 4) to base 7.
653
Convert a88 (base 13) to base 15.
802
34621 (base 9) to base 5
1214404
6611 (base 7) to base 8
4470
237 (base 12) to base 3
110021
Convert 3b8 (base 12) to base 13.
350
165 (base 12) to base 2
11011101
Convert 321 (base 12) to base 16.
1c9
-2b6b3 (base 12) to base 14
-18595
-41 (base 11) to base 16
-2d
Convert -16391 (base 10) to base 6.
-203515
Convert 5363 (base 7) to base 10.
1907
What is -86 (base 16) in base 7?
-251
What is -101202102 (base 3) in base 5?
-222331
What is 13430 (base 6) in base 12?
1276
Convert -100113 (base 4) to base 5.
-13142
What is 21362 (base 8) in base 14?
3390
What is 111100 (base 2) in base 5?
220
What is 1283 (base 11) in base 4?
122000
-894 (base 16) to base 12
-1330
What is -1214 (base 8) in base 13?
-3b2
Convert -1002020001 (base 3) to base 14.
-7a9a
Convert 32553 (base 6) to base 14.
191b
What is -2322003 (base 4) in base 8?
-27203
746 (base 11) to base 6
4053
Convert -342123 (base 6) to base 10.
-28995
Convert -321 (base 13) to base 6.
-2250
Convert -11a1a (base 11) to base 2.
-100001100110011
What is -43753 (base 8) in base 16?
-47eb
Convert 21230 (base 4) to base 11.
514
Convert -288 (base 13) to base 11.
-37a
3c0b (base 15) to base 7
52265
What is -11110111101 (base 2) in base 4?
-132331
What is 5330 (base 10) in base 11?
4006
What is -a83 (base 14) in base 9?
-2755
-2212 (base 9) to base 13
-986
-4153 (base 6) to base 13
-56a
78c (base 13) to base 11
a81
Convert 3e6e (base 16) to base 13.
7375
What is -3313 (base 4) in base 3?
-100011
2741 (base 9) to base 5
31222
-1101 (base 3) to base 4
-211
950 (base 11) to base 14
5ba
-10111001011111 (base 2) to base 15
-37b6
Convert -1528 (base 12) to base 11.
-1955
5853 (base 14) to base 7
62533
What is 776 (base 12) in base 5?
13343
What is 101010101111010 (base 2) in base 7?
120540
Convert 186 (base 16) to base 10.
390
-311 (base 9) to base 6
-1101
-162d (base 16) to base 10
-5677
Convert 2048 (base 9) to base 7.
4244
What is 724 (base 10) in base 5?
10344
-1121202 (base 4) to base 14
-2134
Convert -101000 (base 4) to base 11.
-8aa
Convert -15a (base 16) to base 13.
-208
-2110000210 (base 3) to base 4
-23300013
Convert 130054 (base 6) to base 7.
46051
Convert -21644 (base 8) to base 3.
-110111221
4213 (base 7) to base 16
5c8
What is -1101100100 (base 2) in base 7?
-2350
Convert 10374 (base 8) to base 9.
5861
144255 (base 6) to base 16
366b
1203243 (base 6) to base 4
33113223
-63 (base 8) to base 5
-201
What is -1110010001011 (base 2) in base 15?
-2272
What is 111111 (base 2) in base 16?
3f
1131210 (base 4) to base 5
142423
What is -13 (base 7) in base 10?
-10
What is -235 (base 11) in base 5?
-2110
What is -1100010011 (base 2) in base 8?
-1423
Convert 1010101000000100 (base 2) to base 5.
2343044
Convert 11100111101 (base 2) to base 6.
12325
826 (base 14) to base 3
2012100
Convert -34455 (base 7) to base 11.
-6690
What is da8 (base 14) in base 2?
101010001000
Convert -308 (base 12) to